 highest common factor of k and 48?
12
Let n = 545 - 524. Calculate the greatest common factor of 15 and n.
3
Let g = -19 + 38. Let h be (361/(-38))/(22/12 + -2). Calculate the highest common factor of h and g.
19
Suppose -94 = a - 2*v - 0*v, 2*a - 3*v = -188. Let i = -92 - a. Calculate the highest common factor of i and 2.
2
Let u be 747/(-7) + (-6)/21. Let g = u + 152. What is the highest common factor of 9 and g?
9
Let g(z) = -z**3 - 6*z**2 + 6*z - 5. Let q be g(-7). Let u be -3*(-3 + q + 4). Let l be (-2)/3*675/u. What is the greatest common factor of l and 10?
10
Suppose -281*u - 348 = -293*u. What is the highest common factor of 2349 and u?
29
Suppose -3*p - h + 628 = 0, -14*h + 9*h = -5. Let m be (-9)/(-6)*114/9. Calculate the greatest common divisor of p and m.
19
Suppose -4*x + 34 = -3*l, 3*l + 3*x + x = -2. Let i(o) = -o. Let f be i(l). Suppose 0 = -f*g + 3*g + 24. What is the highest common divisor of g and 8?
8
Let w(u) = -u**2 + 14*u + 33. Let s be w(14). Calculate the greatest common factor of 319 and s.
11
Let t be 7*(2 + -3 + 2). Let u(x) = 5*x + 7. Let y be u(t). Suppose k - y = -j, 0*k + 5*k + j - 218 = 0. What is the highest common divisor of 4 and k?
4
Suppose 0 = -6*m + 2*m - 4. Let p be 36*1/((-2)/m). Let o(h) = 89*h**3 - 6*h**2 + 8*h - 1. Let l be o(1). What is the greatest common divisor of p and l?
18
Let l be -5 - 2*131/(-2). What is the highest common divisor of l and 27?
9
Let u be (-27)/36 - 111/(-4). Let v = 39 + u. What is the highest common factor of v and 6?
6
Let n(b) = -3*b + 3 + 4*b**2 + 4*b - 4*b. Let o be n(-3). Suppose -2*h - h - 5*k + 13 = 0, -2*k + 4 = h. Calculate the highest common factor of h and o.
6
Let y = -93 + 103. Suppose y = -4*h + 22. What is the highest common factor of 1 and h?
1
Let k = 512 - 478. What is the greatest common factor of k and 374?
34
Let m(i) = i**3 - 19*i**2 + i - 15. Let j be m(19). Suppose 20 = b + j. What is the highest common divisor of b and 80?
16
Let b be -5 - -28 - (-1)/1. Suppose a = -a + b. Suppose a = n - 12. Calculate the greatest common divisor of 16 and n.
8
Let d = -49 + 137. Suppose 7 + d = 5*b. Calculate the highest common factor of 133 and b.
19
Let p(b) = 38*b**2 - 7*b - 61. Let a be p(-4). Calculate the highest common divisor of 23 and a.
23
Let u = 111 - 107. Suppose -32 - 36 = -u*d. Calculate the highest common factor of 1 and d.
1
Suppose 4*u + m - 8 = -u, -3*u + 9 = 2*m. What is the greatest common divisor of u and 49?
1
Let r = -510 - -521. What is the greatest common divisor of r and 1?
1
Let s = 39 - 33. Let a(f) = 4*f - 8. Let g be a(3). Calculate the highest common factor of g and s.
2
Suppose 53*r = 59*r - 132. What is the greatest common factor of 352 and r?
22
Suppose -s + 35 = 4*s - 2*l, -4*s - 3*l + 5 = 0. Suppose -3*g = u - 98, -s*g = 4*u - 212 + 44. Calculate the highest common divisor of 4 and g.
4
Let n be ((-364)/(-35) + -10)*55. What is the highest common factor of n and 946?
22
Let c = -1 + 33. Let i be (15/(-10))/((-6)/c). What is the highest common factor of 4 and i?
4
Suppose 6*o - 4643 = -539. What is the greatest common factor of 36 and o?
36
Let a(o) = o**2 + 52*o + 7. Let x be a(-56). What is the greatest common divisor of x and 42?
21
Let i be (-4)/16 + 4 + 9/4. What is the greatest common factor of 45 and i?
3
Suppose -4*g - 695 = -5*n, 5*n - 12*g - 690 = -9*g. What is the highest common factor of n and 108?
27
Let w = -27 + 46. Calculate the highest common factor of 418 and w.
19
Let f be (-16)/(-72)*9 + 38. Calculate the highest common factor of f and 1340.
20
Let r(i) be the first derivative of 16*i**3/3 - i**2/2 - 2*i - 3. Let l be r(-1). What is the greatest common divisor of l and 195?
15
Let h(k) = 7*k**2 + 11*k**2 - 16*k**2 + 4. Let v be h(3). Calculate the greatest common factor of 2 and v.
2
Suppose 38 + 78 = 4*p. Calculate the greatest common factor of p and 87.
29
Let r be (4056/(-1859))/(2/(-22)). What is the greatest common factor of 432 and r?
24
Suppose 4*j = -h + 43, -8*j + 10*j - 17 = h. Calculate the highest common divisor of j and 90.
10
Suppose -3*r = -2*r + 16. Let h be 84/r*(-24)/9. Calculate the highest common factor of 21 and h.
7
Suppose 3*h - 141 = -2*g, 0 = -9*g + 14*g - 4*h - 318. What is the highest common divisor of 110 and g?
22
Let o be (7 + (-392)/48)*6/(-1). What is the greatest common divisor of 3 and o?
1
Let b = -16 - -45. Let a = 9 + b. Let k = 30 - 11. What is the highest common divisor of a and k?
19
Let t(j) = -j**2 - 8*j + 6. Suppose n + 32 = -3*n. Let l be t(n). Suppose 70 = 7*b - l*b. What is the greatest common divisor of b and 10?
10
Suppose -8*v = -3*v + 10. Let o be (v - (-8)/6)*-348. Let a = o - 127. What is the highest common factor of a and 15?
15
Suppose -32*a + 222 = -418. What is the highest common factor of 70 and a?
10
Let h(i) = -i**3 - 13*i**2 + 13*i - 20. Let b be h(-14). Let t be 8*(3 + 9/b). Let a be (-43)/(-9) + t/54. What is the highest common factor of a and 1?
1
Suppose 2*n = -3*h + n + 29, 5*n = -20. Let j(w) = -w**2 + 11*w + 12. Let r be j(h). Calculate the highest common divisor of r and 84.
12
Let n be (-134)/(-11) + (2 - (-24)/(-11)). Let h be 1 - 0 - (-2 + -57). What is the highest common factor of n and h?
12
Let o = -8 - 15. Suppose 25*i = 23*i + 82. Let a = i + o. Calculate the highest common divisor of 126 and a.
18
Let m(u) = 5*u**3 - u**2 - 6*u + 5. Let y be m(2). What is the greatest common factor of y and 319?
29
Let w(n) = 3*n**3 - 29*n**2 + 40*n - 4. Let h be w(11). What is the highest common divisor of h and 40?
40
Let x be (-2)/((-16)/1162) + 6/(-24). Let j = -77 + x. What is the greatest common divisor of j and 4?
4
Let f be 1042/9 + (-6)/(-27). Suppose -2*v + f = 3*l + l, l - 32 = v. Let c = l + -19. What is the highest common factor of c and 44?
11
Suppose 0 = -2*k - 2*k + 160. Let g(a) = -69*a**2 + 619*a + 78. Let y be g(9). Calculate the greatest common factor of k and y.
20
Let o = 2 + 5. Let s(x) = -x**3 - x**2 + 9*x + 8. Let q be -1 - (-1 + 4 - 3/(-3)). Let h be s(q). What is the highest common divisor of o and h?
7
Let o = -1149 - -2517. Calculate the greatest common factor of o and 57.
57
Let i(l) = 7*l**2 - 4*l - 3. Let v be i(6). Suppose -10*x + v = -5*x. Calculate the greatest common factor of 5 and x.
5
Suppose 79 = 3*x - 4*c, 2*x + 3*c - 27 - 3 = 0. Calculate the highest common divisor of x and 42.
21
Let h(u) = 46*u**3 + 2*u**2 + u - 1. Let o be h(1). Suppose k - o + 39 = 0. What is the greatest common divisor of 45 and k?
9
Let x = -15 + 25. What is the greatest common divisor of x and 10?
10
Let h(d) = d**3 + 5*d**2 - 7*d - 25. Let y be h(-5). What is the highest common factor of 22 and y?
2
Let k be 3/(((-56)/21)/(-8)). Calculate the greatest common factor of k and 873.
9
Let z be (-775)/(-5) - (9 - 13). Calculate the greatest common factor of z and 901.
53
Suppose -8 = 4*z, u - 3*u = -5*z - 80. Calculate the greatest common divisor of 49 and u.
7
Suppose 4*k - j - 85 = 0, -k + 3*j - 19 + 32 = 0. What is the highest common divisor of k and 1199?
11
Let u be 3/(36/628) - (-1)/(-3). What is the greatest common divisor of u and 702?
26
Suppose -30 = 34*o - 36*o + 4*n, 3*n + 17 = o. Let b be 2*-12*(-11)/3. What is the highest common divisor of o and b?
11
Let i(k) = -k**2 + k + 11. Let m be i(0). Let q(p) = -5*p**3 + 4*p**2 + 5*p - 2. Let t be q(-2). Calculate the greatest common factor of m and t.
11
Let k(q) = -23*q + 193. Let p be k(-8). What is the highest common divisor of p and 13?
13
Let d(m) = -16*m - 6. Let p be d(2). Let q = p - -47. Suppose 4*k = 2*v - 4, 14 = 3*v - 7*k + 5*k. What is the highest common divisor of q and v?
3
Let u be (-4)/(-18) - 1194/27. Suppose 3*d + q + 1 - 186 = 0, -4*d + 272 = -5*q. Let z = d + u. Calculate the greatest common factor of 209 and z.
19
Suppose i = 2*f - 51 + 11, -f - 2*i + 10 = 0. Calculate the greatest common divisor of f and 423.
9
Let w be (-7)/63*-142 - 2/(-9). Calculate the greatest common factor of w and 104.
8
Suppose 0 = 6*i - 19 - 101. What is the highest common factor of i and 460?
20
Let t(c) = -2*c**3 + 20*c**2 + 3*c + 17. Let s be t(10). Let k = 88 + s. What is the greatest common factor of k and 15?
15
Suppose -a = 2*i - 799, 0*a = 5*i + 3*a - 1997. What is the 